. Suppose -2*b + 32 = t*b. What is the greatest common divisor of b and 14?
2
Suppose g - d = 3, g - 4*d - 814 = -829. Calculate the greatest common factor of 711 and g.
9
Let w = 5167 + -5137. Calculate the highest common factor of 980 and w.
10
Let a = 1 - -3. Suppose -x = -5*t + 12, -47*t + 46*t = 4*x - 99. What is the highest common factor of x and a?
1
Let n(j) = -65806*j + 145. Let s be n(0). Suppose 2*g = 2*z + 3*z - 151, -133 = -5*z - 4*g. Calculate the highest common divisor of s and z.
29
Let r(i) = -2*i**2 - 6*i + 4. Let k be r(2). Let j = k - -14. Let u be (j - 0) + (-399 - 5)/(-4). What is the greatest common divisor of 9 and u?
9
Let d = 10512 - 10208. What is the highest common divisor of d and 68?
4
Let h = 74 - 71. Suppose h*u + 74 = -5*q, 0*q = -u - 2*q - 23. Let o = 41 + u. Calculate the highest common divisor of 8 and o.
8
Let c be (153/(-27) - -7)*44982/12. What is the greatest common divisor of c and 204?
102
Let f = -40 - -42. Let z be (-2)/1 - (f - 59). Calculate the greatest common divisor of 5 and z.
5
Suppose 0 = 35*v + 11*v - 5658. Let l = v - 102. Calculate the greatest common divisor of 483 and l.
21
Let y be 2/((-194)/(-396) + 12/(-27)). Let t be 7/2 + (-2)/4 - -481. Calculate the highest common divisor of y and t.
44
Let g = -4 - -7. Suppose 0 = -5*r - j - 2*j + 434, g*r = -5*j + 270. Let z = -18057 + 18091. Calculate the highest common divisor of r and z.
17
Let t(i) = 120*i**3 + 3*i - 3. Suppose 0*p - 1 = -p. Let m be t(p). Suppose 4*x = l - m, 684 = 4*l - 2*x + 204. What is the greatest common factor of l and 48?
24
Let v = -101 - -242. Let t = v + -99. Let r(o) = o**3 - 12*o**2 + 28*o. Let i be r(12). What is the highest common factor of i and t?
42
Let y be 35*111/18 - (-2)/12. Let n = -195 + y. What is the highest common factor of n and 28?
7
Suppose 2*l = -k - 8, -4*k + 2*l = l - 13. Let b be (-8 - -2)/(k/(-135)). Suppose b = -2*z + 7*z. What is the highest common factor of 9 and z?
9
Let g = -1309 - -5530. Calculate the greatest common divisor of g and 63.
63
Let t be ((-7)/21*185)/((-4)/144). What is the greatest common factor of 100 and t?
20
Let z(x) = 26*x**2 - x + 2. Let q be z(2). Let a = -96 + q. What is the greatest common factor of 632 and a?
8
Let g be 99/(-12 + 21) + 4. Suppose -2*w = -5408 + 604. Let j be (-20)/150 + w/g. Calculate the greatest common factor of 20 and j.
20
Suppose 2*m + i = -3*i + 50, 2*m - 50 = 4*i. Suppose 0 = 3*h + 68 + m. Let z = -15 - h. Calculate the greatest common factor of 8 and z.
8
Suppose p + 15*p = -7*p. Suppose p = 5*u + 15, -3*q + 39*u - 44*u + 372 = 0. Calculate the highest common divisor of 301 and q.
43
Suppose -19 = -12*m + 29. Suppose -11*i + 144 = 4*q - 9*i, -2*q + 92 = -m*i. Calculate the greatest common factor of q and 2.
2
Let v = -159 - -164. Suppose v*k + 3*i - 756 = 0, -140 = -2*k + 4*i + 178. Calculate the highest common divisor of k and 9.
9
Let w be (-4)/(-26) - (5 - 3171/91). Suppose -42 = -5*q - b, b = -13*q + 16*q - w. Suppose r + 2*r - 216 = 0. Calculate the greatest common divisor of q and r.
9
Let v(a) = a**3 - 4*a**2 + a + 7. Let z be v(7). Let w = -25349 - -25356. Calculate the highest common divisor of z and w.
7
Suppose 55*q - 74*q = -280 + 52. Calculate the highest common divisor of q and 1052.
4
Suppose 8*m = -0*m + 600. Let f be m/(-5) + (-5)/(-5). Let d = 4 - f. What is the greatest common divisor of d and 2?
2
Let v(y) = 17*y**3 - 17*y**2 + 43*y + 6. Let c be v(3). Calculate the highest common factor of c and 399.
21
Let d(k) = -k**3 - 26*k**2 - 29*k - 81. Let o be d(-25). Let s(m) = -m**3 + 19*m**2 + 6*m + 33. Let v be s(o). What is the greatest common factor of v and 3?
3
Let c = -4 - -9. Let i be 5 - (-6 + 2 + c). Suppose -268*t + 264*t = -40. What is the greatest common divisor of i and t?
2
Let l be -4 + 84/20 + -11 + (-20454)/(-5). What is the highest common divisor of 75 and l?
15
Let o(i) = 12*i - 21. Let y be o(2). Suppose m - y = -1. Let c be (2 - 3)*m - -274. Calculate the highest common divisor of c and 34.
34
Let v(n) be the third derivative of -n**4/4 - 17*n**3 + 3*n**2 + n. Let h be v(-28). What is the greatest common divisor of h and 6?
6
Let c be (-42 - -38) + 8 + 2. What is the greatest common factor of 669 and c?
3
Suppose -306 = -5*d + 2*p, 4*p = -4*d + 202 + 26. Suppose -66*w = -d*w - 504. What is the greatest common divisor of 21 and w?
21
Let j(n) = 3*n - 10*n + 2 - 11 - n**2 + 3. Let u be j(-6). Suppose u = p - 9 - 3. Calculate the highest common divisor of 36 and p.
12
Let o be ((52 - -4) + -14)*1. Calculate the greatest common factor of o and 1246.
14
Let g be -3 + (2/(-2) - -5) - -62. Suppose 0 = -7*q + 7 + g. What is the highest common divisor of q and 15?
5
Suppose 4*d - 3*d = 2. Let j = 273 + -249. Suppose 32*b = 38*b - j. Calculate the highest common divisor of d and b.
2
Suppose -170*v + 2397 + 96541 + 134812 = 0. What is the greatest common factor of v and 225?
25
Let c(g) = -10*g**2 - 183*g - 37. Let s be c(-18). Let w be 52/14 - (-2)/7. Suppose w*v - 450 = 162. Calculate the highest common factor of s and v.
17
Let k(y) = -y**2 - y. Let w(c) = -3*c**2 + 6*c + 41. Let n(z) = 2*k(z) - w(z). Let x be n(15). What is the highest common factor of 56 and x?
8
Suppose 0 = -6*r + 52 + 31154. What is the highest common divisor of 7 and r?
7
Let y(r) = r**3 - 125*r**2 - 1232*r - 58. Let o be y(-9). Suppose 0*f + 5*f = 1100. Calculate the greatest common factor of o and f.
44
Let f(u) = -3*u**2 + 19*u + 9834. Let p be f(0). Calculate the greatest common divisor of p and 132.
66
Let v(g) = -g**2 - 4*g. Let z be v(-4). Let m = 105 - z. Suppose -148*f + 285 = -129*f. Calculate the highest common factor of f and m.
15
Suppose -z - 4*l = 16, 3*l + 18 - 3 = 0. Suppose -w = z*a - 36, -5*w = -9*a + 11*a - 234. Calculate the highest common factor of 6 and w.
6
Suppose 2*i - 161905 = -0*b + 5*b, i = 3*b + 80951. Let g be (-12)/14 + (i/112 - -13). Calculate the highest common factor of 30 and g.
15
Let r be ((-9)/(27/(-60)))/((-9)/(-450)). Suppose -5*p = -45*p + r. What is the greatest common divisor of p and 5?
5
Suppose -14*u + 32 = -24. Suppose -u*k + 9 = 3*q - 9, -25 = -5*k - 5*q. Let m be k/(-2 - 7/(-2)). Calculate the highest common divisor of 22 and m.
2
Suppose 0 = -3*z + 15, -5*b + 4*z - 432 + 1022 = 0. Calculate the greatest common factor of b and 3721.
61
Let w = -1691 - -886. Let g = w - -1815. What is the highest common factor of g and 10?
10
Let t(d) be the first derivative of d**3/3 - 35*d**2/2 + 321*d + 220. Let q be t(18). Calculate the highest common divisor of 15 and q.
15
Let z be -2*1/(-2)*-4. Let n = 6 - z. Suppose 0 = -11*x + 9 + 35. Calculate the highest common divisor of x and n.
2
Let q be (71 + -4)/((-1)/(-4)). Suppose -k - 1 = 0, -12*l - 4*k = -13*l + 71. Calculate the highest common divisor of l and q.
67
Suppose 0 = 20*o - 865 - 335. Let h be o/120*1*58. What is the greatest common factor of 87 and h?
29
Let l be (-2 + (-16)/(-6))/(1/27). Suppose -4*a + 18 = l. Suppose a = 2*b - 6*b + 68. What is the highest common factor of 34 and b?
17
Let s be ((1 - 0) + -60)/((-81)/3 - -26). Calculate the greatest common factor of 295 and s.
59
Let i = 78 - 71. Let x be 3 + 0 + (i - -70). Calculate the highest common divisor of x and 64.
16
Let g(m) = 6*m**2 + m + 56. Let q be g(-8). Calculate the highest common factor of 135 and q.
27
Suppose -5*b + 5 = t, -2*t + 4 = 4*b + 6. Suppose m - 25 = -b*y, m = -y - 2*m + 15. Calculate the highest common factor of 108 and y.
12
Suppose 5*v + h - 714 = 0, 30*v - h + 432 = 33*v. Calculate the greatest common factor of v and 4559.
47
Let u be (123/4)/(555/19240). What is the greatest common divisor of 656 and u?
82
Suppose -2*u + 2 + 4 = 0. Suppose -u*m + m = -56. Let j(z) = 24*z**2 + 156*z + 20. Let h be j(-8). Calculate the highest common factor of m and h.
28
Let t = -1132 + 1279. Calculate the greatest common factor of t and 49.
49
Let o be (7 + 4 - 3)*9. Suppose -3*v - f = o + 27, -2*v + 2*f = 66. Let p = v - -38. What is the highest common divisor of 25 and p?
5
Let g = -6333 - -6497. Calculate the greatest common divisor of 5289 and g.
41
Let y(n) = 114*n**2 + 134*n + 1116. Let b be y(-10). Calculate the greatest common factor of b and 22.
22
Let n be